y w?
3
Let c(v) = v**2 - 5. Let o be c(-6). Let f = o + -2. Calculate the remainder when f is divided by 15.
14
Let w = 8 + -3. What is the remainder when 12 is divided by w?
2
Let z(u) = u**2. Let h be z(2). Suppose x + 2*a - 19 + 6 = 0, h*x = -2*a + 52. Calculate the remainder when 24 is divided by x.
11
Suppose -p + 2 = 1. Let x be (5/15)/(p/69). Suppose -5*l = z + 10, -4*l - 59 + x = -2*z. Calculate the remainder when 18 is divided by z.
8
Let j = 63 - 50. Calculate the remainder when 36 is divided by j.
10
Let g = 36 - -1. Let l(r) = 7*r - 1. Calculate the remainder when g is divided by l(2).
11
Suppose 20 = -3*k - 2*k. Let i(l) = -l + 5. Calculate the remainder when i(k) is divided by 5.
4
Let c(m) = m**2 + 9*m + 3. Suppose 3*a = 4*a + 9. What is the remainder when 8 is divided by c(a)?
2
Let g = 8 - -8. Suppose -12*z + 89 = -451. Calculate the remainder when z is divided by g.
13
What is the remainder when 2/(4/18) - 0 is divided by (65/78)/(1/6)?
4
What is the remainder when 96 is divided by 84/2*(-20)/(-60)?
12
Suppose 0 = -y + 9 + 2. Suppose 4*a = -16, 3*a - 6 = 5*p - 48. What is the remainder when y is divided by p?
5
Suppose -g + 51 = -2*j + 1, g - j - 52 = 0. What is the remainder when 2 is divided by (-1)/4 - g/(-24)?
0
Let d = 21 + -16. Calculate the remainder when 19 is divided by d.
4
Let c = -16 - -14. What is the remainder when 3/c*354/(-9) is divided by 15?
14
What is the remainder when 175/5 - (-1 + 0) is divided by (0 - 4/(-12))*39?
10
Let u(y) = y**2 + 1. Let p be u(-2). Suppose 0 = 2*w + 2*w. Suppose p*l = -w*l + 65. What is the remainder when l is divided by 7?
6
What is the remainder when 24 is divided by (-81)/(-6) + (-2)/(-4)?
10
Suppose 292 = 9*y - 5*y. Calculate the remainder when y is divided by 38.
35
Let l(j) = -j**2 - 4*j - 3. Let b be l(-2). What is the remainder when (2/2)/(b/37) is divided by 10?
7
Let x(s) = 7*s**2 - 3*s. What is the remainder when x(2) is divided by 13?
9
Let n(a) = 10*a**2 - 4*a - 1. Calculate the remainder when 59 is divided by n(2).
28
Let m be ((-1)/1 + 2)*-1. Let w = m - -16. Calculate the remainder when 59 is divided by w.
14
Suppose -12 + 3 = -3*q. Suppose 3*g - 4*o - 7 = 4, -28 = -5*g - 3*o. Suppose -m = y - 13, g*m - 34 - 1 = y. What is the remainder when m is divided by q?
2
Let d = 32 + 158. Let j = -121 + d. What is the remainder when j is divided by 24?
21
Let u(m) = -75*m + 1. What is the remainder when u(-1) is divided by 26?
24
Suppose -5*j + 37 = -4*u - 31, -4*j + 54 = -3*u. Suppose -2*s - 2*f + 59 + 39 = 0, 4*f = 2*s - 80. What is the remainder when s is divided by j?
10
Let a(b) = b - 21. Let z be a(8). What is the remainder when -14*(18/(-4))/1 is divided by z/(-1) + -2 + 5?
15
Let x(d) = -d**2 + 21*d + 1. Calculate the remainder when x(10) is divided by 29.
24
Let q = 1 + 1. Let i(x) = x - q*x + 1 - 4 + 5*x. What is the remainder when i(4) is divided by 8?
5
Let b(v) = -v + 3. Let u be b(0). Let y be 3 - 8/1*3/(-6). Let m = y - u. Calculate the remainder when 15 is divided by m.
3
Let l(n) = -2*n - 14. What is the remainder when 11 is divided by l(-9)?
3
Suppose h - 9 + 45 = 2*y, 0 = 2*h + 8. Suppose -3*r = -2*l - 8*r + y, 0 = -3*l + 3*r + 66. Calculate the remainder when l is divided by 7.
4
Suppose 4*c - 354 = 2*o, -114 + 31 = -c - 5*o. What is the remainder when c is divided by 13?
10
Let f = 25 + -14. Calculate the remainder when 21 is divided by f.
10
Suppose -2*x - 18 = x. What is the remainder when 76 is divided by (x/9)/((-1)/39)?
24
Suppose 0*l + 2*l = 5*z - 10, -2*l = 2*z - 18. Calculate the remainder when 52 is divided by 18/l*(-30)/(-4).
25
Suppose 4*w + 49 = u - 62, 3*w = 3*u - 297. What is the remainder when u is divided by 20?
15
Suppose -5*c + 10 = -4*b + 2*b, 0 = b - c + 8. Calculate the remainder when 2/1*13/2 is divided by b/((-8)/(-4)*-1).
3
Let p(o) be the first derivative of -o**3/3 - 5*o**2 - 12*o + 2. Let r be p(-8). Suppose -5*n = -r*n - 33. Calculate the remainder when n is divided by 17.
16
Suppose 0 = -5*m - 2*z + 66, -7*z = m - 10*z - 3. What is the remainder when m is divided by 10?
2
Suppose -7*t - 3*t = -150. What is the remainder when t is divided by 11?
4
Suppose 5*d - 3 = 5*g + 2, -5*d + 45 = 5*g. Suppose -3*h - d*k = -3*k - 25, 5*h = -3*k + 42. Calculate the remainder when (0 - (-25)/2)*2 is divided by h.
7
Suppose 0 = 2*n - 4 - 30. Let u(g) = -g + 10. Calculate the remainder when n is divided by u(0).
7
Let y = 68 - 37. Calculate the remainder when y is divided by 11.
9
Let t(k) = 2*k**2 - k + 4. What is the remainder when 15 is divided by t(2)?
5
Let r(a) = -a**2 - 11*a - 9. Calculate the remainder when r(-7) is divided by (0 - -3) + 2/1.
4
Suppose 0 = -0*q + 5*q + 5. Let l be (0 - -1) + (0 - 0). What is the remainder when 3 - -53 - (q - l) is divided by 20?
18
Suppose -3*m + 36 = -6. Calculate the remainder when (26/8)/(33/264) is divided by m.
12
What is the remainder when ((-8)/6)/(5/(-30)) is divided by (3/(1 - 2))/(-1)?
2
Let c = -20 + 32. Let v(p) = -2*p + 9*p - 34 + 26. Calculate the remainder when v(6) is divided by c.
10
Suppose 3*k + 44 = 4*k. Let f = -4 + 1. Calculate the remainder when k is divided by (-10)/4*(-9 - f).
14
Let i(m) = -3*m**2 - 3*m - 1. Let d be i(3). Let g = d + 54. What is the remainder when g is divided by 5?
2
Let s be (8/(-10))/(6/(-15)). Calculate the remainder when 5 is divided by s/4*(3 + 1).
1
Suppose 2*z - 10 = -3*h + 20, 5*h - 50 = 5*z. Calculate the remainder when 38 is divided by h.
8
Suppose 3*o = -0*o + 33. Suppose 3*w - 172 = -w. Calculate the remainder when w is divided by o.
10
Let a = -10 - -17. Let t(i) = i**3 - 8*i**2 + 6*i + 17. Suppose 6*x - 58 = 4*x. Calculate the remainder when x is divided by t(a).
9
Let t = 283 + -162. Calculate the remainder when t is divided by 21.
16
Let u be (-1)/2 + (-60)/(-24). Suppose u*h = 4*h - 42. What is the remainder when 61 is divided by h?
19
Suppose 4*a - 5 = -2*h + 5*a, 3*a = 3*h - 6. Suppose h*j - 2 = 2*j. What is the remainder when (4 - j)/((-2)/(-19)) is divided by 11?
8
Let r(j) = 2*j**2 - 2*j - 3. Suppose -5*b + 13 = w + 2*w, -4*b + 28 = 4*w. What is the remainder when r(4) is divided by w?
10
Suppose -2*p - 5*u + 44 = 0, u = 3*p + 12 - 61. What is the remainder when (-7*1)/((-3)/21) is divided by p?
15
Calculate the remainder when 47 is divided by (-4)/((-8)/(-12) - 1).
11
Suppose 0 = -5*n + 207 - 42. What is the remainder when n is divided by 9?
6
Suppose 5*l = -3*y + 49 + 12, 0 = -4*l - 3*y + 50. What is the remainder when 19 is divided by l?
8
Suppose -5*v + 3*p + 38 = 0, 4*v = -v + 5*p + 40. Suppose 0 = -4*k + 13 + v. What is the remainder when k is divided by 4?
1
Suppose 8 = 4*r + y, -y = 2*r + r - 6. Let t be (0/(0 - -3))/r. Suppose -f - 4 + 5 = t. Calculate the remainder when 2 is divided by f.
0
Let q = -12 + 16. Calculate the remainder when 4 is divided by q.
0
What is the remainder when (-24)/6 + 1*38 is divided by 12?
10
What is the remainder when (-1 - 1 - -2) + 71 is divided by 15?
11
Let k = -1 + 7. Let u(w) = -w**3 - 4*w**2 + 3*w + 7. Suppose 3*l = -h - 10, -20 = 3*l - 5*h + 4*h. What is the remainder when u(l) is divided by k?
5
Suppose -2*i - 4 = 4. Let x(o) = -o**2 + 8*o + 2. Let a(s) = -s**2 + 7*s + 2. Let y(f) = i*a(f) + 3*x(f). Calculate the remainder when 19 is divided by y(6).
9
Suppose 2*f - 30 = -5*t, 2*t + 34 = 2*f + 5*t. Let k = f + -9. What is the remainder when 30 is divided by k?
8
Suppose -3*g - 20 = -4*q, -4*g = 3*q + 2 - 42. What is the remainder when q is divided by 2*((-10)/(-4) + -1)?
2
Let c(u) = 6*u**2 + 14*u + 7. What is the remainder when c(-5) is divided by 22?
21
Let l = -6 - -39. Let y(t) = 1 - 4*t - 3*t - 5. Calculate the remainder when l is divided by y(-3).
16
Suppose -2*a - 14 = -2*b, -2*b = 4*a - 0*a + 4. Suppose 0 = o + b*q + 5, o - q = 6*o - 32. Calculate the remainder when o is divided by 5.
2
Let l be 0/(2 + 3 + -2). Let z = l - 0. What is the remainder when 55 - 1*(z - 2) is divided by 15?
12
Suppose 0 = -3*p + p. Let a(q) = -q + 2. Calculate the remainder when p/(-1) - 28/(-2) is divided by a(-6).
6
Let v(q) = -5*q - 3. What is the remainder when 56 is divided by v(-3)?
8
Suppose -4*p - 5*m = -263 + 29, -3*p + 5*m + 193 = 0. Calculate the remainder when p is divided by 31.
30
Let 